ts digit of r?
2
What is the tens digit of (((-1305)/435)/(30/8))/((-1)/13165)?
3
Let r(a) = -869*a + 270. What is the hundreds digit of r(-7)?
3
Let y(x) = -8*x + 18*x - 3*x**2 + 4*x**2 - 7*x. Let v be y(0). What is the units digit of -11*(-1 + v - 2)?
3
Suppose -3607 - 36444 = -11*c. Let g = -1202 + c. What is the tens digit of g/54 - (-1)/(-6)?
4
Suppose -16*i + 6376 = -26*i + 11*i. What is the hundreds digit of i?
3
Suppose -4*t + 0*h = -2*h - 35800, -2*t + 2*h + 17896 = 0. What is the tens digit of t?
5
Let r = 2065 + -1409. Suppose -z + r = -85. What is the units digit of z?
1
Suppose -r + 5 = -2*r, 7978 = -3*n + r. What is the hundreds digit of 2/(10638/n + 4)?
8
Let f(l) = -11*l + 107. Let j be f(7). Suppose 2016 = -9*q + j*q. What is the tens digit of q?
9
Let y be (-15)/(-2) - 4/(-8). Suppose 3*s - y = s. Suppose s*g + 77 = 293. What is the units digit of g?
4
Suppose 0 = 544*i - 538*i - 44388. What is the tens digit of i?
9
Let k = -2 - -22. Suppose 655 = 8*r - 65. Let p = r - k. What is the tens digit of p?
7
Suppose -2*z = -3*v + 11 - 9, v - 3*z = -4. Suppose h - 4*w - w = 880, 4*h = -v*w + 3564. What is the units digit of h?
0
Let y = -37 + 78. Suppose 0 = -y*u + 69051 - 23869. What is the tens digit of u?
0
Suppose 2*g - 104260 = -5*p, 208498 = -715*g + 719*g - p. What is the units digit of g?
5
Let n be -1 + (-160)/(-12) + 10/15. Suppose -7*x + n*x = 2262. What is the tens digit of x?
7
Let v(p) = p**3 - 2*p**2 + 4*p - 4. Let a be v(0). Let r be (-7)/(-2*a/(-8)). What is the tens digit of 1/r - (-45330)/210?
1
Let z(d) = -3283*d + 247. What is the hundreds digit of z(-11)?
3
Suppose 9*q = 6*q - 3*a + 12048, 4*a = -2*q + 8042. What is the hundreds digit of q?
0
Let d(u) = u - 9. Let p(v) = 2*v + 1. Let b(f) = -d(f) + p(f). Suppose -2*a = -a + 5*k + 25, -12 = 4*a - 2*k. What is the units digit of b(a)?
5
What is the hundreds digit of ((-1 + 90)*(-28)/(-35))/(54/21195)?
9
Let t(v) = 28*v**3 + 17*v**2 - 57*v + 20. What is the hundreds digit of t(6)?
3
Let n(b) = -59*b**3 - 2*b**2 - 6*b - 8. Let y be n(6). What is the units digit of (y/(-30))/((-6)/(-9))?
3
What is the hundreds digit of 5*(-78)/(-260)*68466/9?
4
Suppose c = 3*l - 22, -2*l + l = c - 2. Suppose 0 = 4*r - 4*v - 14 - 6, 0 = r - 2*v - l. What is the units digit of 36/6*14/r?
1
Let a be (-3395)/(-42)*-3*(-1 - 1). Let y = a + -140. What is the hundreds digit of y?
3
Let d(h) = h**2 - 6*h + 1. Let a be d(13). Suppose -132 = 4*s + a. Let v = s + 232. What is the tens digit of v?
7
Suppose -16*z + 20*z - 2768 = -3*k, 0 = 3*k - 3*z - 2775. Suppose -36*q - k = -40*q. What is the tens digit of q?
3
Suppose x + 20 = -3*x. Let i(z) = 3*z**2 - 6*z + 7. What is the hundreds digit of i(x)?
1
Suppose -32*l + 27*l = -20. Let w(u) = -u**2 + 3*u + 9. Let b be w(l). Suppose -2*f = -b*f + 678. What is the units digit of f?
6
Suppose -5*r - u + 2589 = 0, 1345 = 4*r - 5*u - 703. Suppose -12770 = r*n - 527*n. What is the units digit of n?
7
What is the units digit of ((724/5)/2)/(1/90)?
6
Let c = 196 + -232. What is the tens digit of (513/c)/(3/(-36))?
7
Suppose -4707 = -c + h, -4*c - 5*h = -13676 - 5134. Let u = c + -3137. What is the thousands digit of u?
1
Let q = 15 + -12. Let b(u) = -u**2 - 23*u - 118. Let a be b(-8). Suppose q*g = -a*g - 10, 164 = m + g. What is the tens digit of m?
6
Suppose -o + 0*o + 5*g = 40, 5*o = 4*g - 305. Let x be ((-8)/(16/(-310)))/((-2)/(-2)). Let n = o + x. What is the tens digit of n?
9
Let c(f) = 4*f + 47. Let m be c(-3). Suppose l - 50 = 5. What is the units digit of l/m + 8/(-14) + 85?
6
Let b(x) = x**3 + 13*x**2 - 2*x - 27. Let c be b(-14). What is the hundreds digit of ((-1457)/(-5) - 2) + 78/c?
2
Let p = 30577 - 19133. What is the hundreds digit of p?
4
Let a be (2/3)/((-16)/2256). What is the tens digit of (a - -57)/(1/(-16))?
9
Suppose 2*g + b - 11 = -0*b, -5*b = g - 10. Let t be (-36)/(-8)*90/(-27). What is the tens digit of (-861)/t + (-2)/g?
5
Let y(d) = 11*d - 7. Let u be y(1). What is the units digit of -606*((-5)/(-4))/(-5)*u?
6
Let a(z) = 5*z**2 - 65*z - 650. What is the ten thousands digit of a(86)?
3
Let c = 3146 + 2527. What is the hundreds digit of c?
6
Let n(u) = -259*u - 15. Let r be n(2). Let l = r + 747. What is the tens digit of l?
1
Suppose u - 3615 = 8*t + 8451, 8 = -4*t. What is the ten thousands digit of u?
1
Let k be 2 + 84/(-45) + 81311/255. Let x = k - -14. What is the hundreds digit of x?
3
Let d = -9543 - -16482. What is the tens digit of d?
3
What is the tens digit of 332*(54/(-1053) + 32027/156)?
4
Let k = 57 + -502. Let q = k + 877. Suppose 44*y - 42*y = q. What is the tens digit of y?
1
Let b = 106 + -101. What is the tens digit of (b - 6)/(6/(-3528))?
8
Let x be (-2142)/(-170) - (-4)/10. Suppose -4 = x*n - 15*n. Suppose 0 = n*a - 4*j - 538, -4*a + 1356 - 235 = j. What is the tens digit of a?
7
Suppose -329937 + 8076 = -25*d + 239039. What is the ten thousands digit of d?
2
Let w(x) = 631*x - 2713. What is the tens digit of w(8)?
3
Suppose -3*s = -3*n + 15, 0 = -4*s + s + 2*n - 15. Let w be 744/10 + 1/(s/2). Suppose -u - 59 + 153 = q, 4*q + w = u. What is the units digit of u?
0
Let i(f) = -19*f + 6*f + 16*f**2 - 5 - 17*f**2. Let p = -295 + 290. What is the tens digit of i(p)?
3
Suppose -40 = -3*a - 3*f + 47, 5*a - 5*f - 165 = 0. Let t be (8*a)/2 + 4. Suppose -8*j = -1672 + t. What is the hundreds digit of j?
1
Let h be 22 - (-1 + 0 + 5 - 6). Suppose -14*k = -12*k - h. What is the units digit of (8/(-6))/((-4)/k)*22?
8
Suppose 77*j + 2*j = -270*j + 22145097. What is the thousands digit of j?
3
Let o = 312 + -312. Suppose -c + 4*m + 189 = -58, o = c + 5*m - 202. What is the hundreds digit of c?
2
Let f = -2476 + 2262. Let q = 1130 - 758. Let m = f + q. What is the hundreds digit of m?
1
Let m be (3/5)/(3/15). Suppose 0*p - m*p + t + 23 = 0, 5*t = 2*p - 11. Suppose 12*r - 468 = p*r. What is the tens digit of r?
1
Let o = 843 + -303. Let d = o - 134. What is the tens digit of d?
0
Let t(a) = 20*a**2 + 95. Let v be t(43). What is the units digit of (-4)/(-16) + v/20?
4
Let f(k) = -10*k + 22. Let d = -50 - -64. Let g(t) = 50*t - 110. Let b(z) = d*f(z) + 3*g(z). What is the units digit of b(12)?
8
Let g(u) = -4*u**3 + 2*u + 3. Suppose -a + 14 = -3*z + 3*a, -z - 3*a = -4. What is the units digit of g(z)?
1
Suppose -26*y = -3*v - 23*y + 66219, 0 = v + 5*y - 22061. What is the ten thousands digit of v?
2
Let w(p) = -799*p - 931. What is the hundreds digit of w(-5)?
0
Let v = 69 + -66. Suppose -2*d + 2*k + v*k + 121 = 0, -4*d + 4*k + 260 = 0. Let x = -40 + d. What is the tens digit of x?
2
Let b(i) = -i - 1. Let w(h) = h**2 + 4*h - 9. Let a be w(-6). Let t(d) = -7*d**2 + 3*d + 4. Let c(q) = a*b(q) - t(q). What is the units digit of c(-4)?
9
Suppose 5*w = -92*o + 93*o - 36799, -30 = -5*w. What is the ten thousands digit of o?
3
Suppose -4*z = 7*z - 1100. Let s be (275/z)/(2*2/(-128)). Let o = -22 - s. What is the units digit of o?
6
Suppose 92*p = 98*p - 642. Suppose -p*i + 123*i = 16544. What is the thousands digit of i?
1
Suppose 12*x - 214146 = -24*x + 538902. What is the tens digit of x?
1
Suppose 9244 + 136 = 5*z. What is the units digit of z/35 - (-9)/(-15)?
3
Let k = -79 + 112. Suppose 36*m - k*m - 249 = 0. Suppose -123 = -3*d + n, 2*d + n + 1 - m = 0. What is the tens digit of d?
4
Let p = 157 - 154. Suppose l - 690 = p*q, 3*l + 502 - 2594 = -2*q. What is the units digit of l?
6
What is the ten thousands digit of (-32)/((-1365028)/(-75838) + -18)?
4
Let u(g) = 593*g - 267. What is the hundreds digit of u(12)?
8
Let b be (-20)/(-35) + -3*(-44)/(-84). What is the hundreds digit of b + 946/1 + -9?
9
Let i(d) = 2*d**2 + 2*d + 7462. Let x be i(0). Suppose -14*u + 7*u = -x. What is the hundreds digit of u?
0
Suppose -320 = 9*y - 13*y. Let g = 86 - y. Suppose -4*m - g*m = -890. What is the units digit of m?
9
Let n = -5 - -9. Suppose -3*j - j - 5 = -r, 3*r = n*j + 15. What is the units digit of 65 - r/(15/(-6))?
7
Let j = 86438 + -44922. What is the units digit of j?
6
Suppose -7*n - 92981 = -12*n - r, 4*n = 5*r + 74350. What is the hundreds digit of n?
5
Let v be (18/8)/(1/(-4)). Suppose -42*t + 472 = -116. Let y = v + t. What is the units digit of y?
5
Let m = 65 + -61. Suppose m*z - 486 = -2*y, -2*y - 237 - 253 = -4*z. What